ided by n?
11
Let v = 20 + -17. Suppose 40 = v*j + j. Calculate the remainder when 37 is divided by j.
7
Let b(c) = 2*c**2 + c. Let d be b(-1). Let u be (-2*1 + 15)/d. Suppose u = -2*h + 3*h. Calculate the remainder when 25 is divided by h.
12
Suppose -1 = -4*a + f + 10, 11 = 2*a + 5*f. Suppose -15 = -a*l - 0. Suppose -l*p + 104 = -p. What is the remainder when p is divided by 9?
8
Let s be 74/10 - (-6)/(-15). Suppose 4*n + 14 = r, s*r - n = 2*r + 70. What is the remainder when 25 is divided by r?
11
Suppose -5*c + 2 = 4*s, 0 = 4*s - c - 21 + 7. Let w(g) = 3 + 0*g + 8*g + 2*g**3 + 7*g**2 - 5*g. Calculate the remainder when w(-3) is divided by s.
0
Suppose -2 + 8 = 3*b. Let v = 21 + -12. What is the remainder when v is divided by (-3 - b)*(-1 - 0)?
4
Let o = 54 - 37. Calculate the remainder when o is divided by 9.
8
Let c(i) = -i**3 + 8*i**2 - i - 3. Let l be c(6). Let m = l + -38. What is the remainder when m is divided by 7?
4
Let n(z) = 2*z**2 - 6*z + 6. Let k be 66/15 + 2/(-5). What is the remainder when ((-80)/1)/(-2) - 0 is divided by n(k)?
12
Let o(i) = i**2 + 9*i - 1. Let v be o(-10). Suppose 4*t - v = -n, 4*t + 21 - 1 = 0. What is the remainder when 86 is divided by n?
28
Suppose s - 2*r = 34, -2*s - 5*r = -0*r - 113. Let n be (-4 - -1)/((-21)/14). Suppose 2*l + n = s. Calculate the remainder when 62 is divided by l.
20
Let p be (-1)/(-2) + (-2)/(-4). What is the remainder when -145*(p - 7/5) is divided by ((-10)/(-8))/((-3)/(-48))?
18
Let l = -13 - -18. Suppose -4*f - 24 = -l*f. Suppose -3*u - 3*q = 0, 5*u - q - f = -0*q. Calculate the remainder when u is divided by 2.
0
Suppose 7*i - 255 = 2*i. Calculate the remainder when i is divided by 18.
15
Suppose -2*f - 1 - 1 = 0. Suppose -3*o + 4*l = -20 - 39, -45 = -5*o - 4*l. What is the remainder when o is divided by (-16)/(-3) + f/3?
3
Let o(b) = -3*b + 2. Suppose 0 = 4*h - 16, -3*h + 2 = -j - h. What is the remainder when ((-15)/j - -2)*-134 is divided by o(-5)?
16
Suppose 0*m = 5*m - 120. What is the remainder when 47 is divided by (m/(-7))/(5/(-35))?
23
Let m(b) = -b**3 + 3*b**2 - 2*b + 3. Calculate the remainder when 4*(1 + 2 + -1) is divided by m(2).
2
Let a(k) = 33*k**2 - 1. Let s be a(-1). Suppose 4*l - 42 = -2*w, 2*w + 2*l - 3*l = s. What is the remainder when w is divided by 6?
5
Suppose 47 = 2*n + 9. Let l(s) = 6*s - 34. What is the remainder when l(15) is divided by n?
18
Suppose -25 = -3*o - 4*t, -2*o - 2*o - 4 = -4*t. What is the remainder when 9 is divided by o?
0
Let g(t) = 2*t**2 + 8*t + 4. Let c be g(-5). Let q be (c/3)/(4/(-6)). Let a(u) = 2*u**2 + 8*u. What is the remainder when a(q) is divided by 15?
12
Let x = -646 + 946. Calculate the remainder when 4/(-3)*x/(-8) is divided by 26.
24
Suppose 0 = -a + 24 - 32. Let u(r) = r + 22. Let o = 8 + 17. Calculate the remainder when o is divided by u(a).
11
Let p = 14 + 94. Calculate the remainder when p is divided by 56.
52
Suppose 4*s - 45 = 43. What is the remainder when 63 is divided by s?
19
Let m(r) = r + 0*r**2 - 4*r + r**2 + 1. Let u(s) = 3*s**2 + 1. Calculate the remainder when m(5) is divided by u(1).
3
Let h = -52 - -36. Calculate the remainder when 2/5 + h/(-10) is divided by ((-4)/(-7))/((-10)/(-35)).
0
Suppose 0 = -3*i - 239 + 47. Let w = i - -108. What is the remainder when w is divided by 15?
14
Let v = -36 + 49. What is the remainder when v is divided by 4?
1
Let n(c) be the third derivative of -c**6/24 - c**5/20 - c**4/8 - c**3/3 + 2*c**2. Let f be (4/3)/((-4)/6). What is the remainder when n(f) is divided by 11?
10
Let l be (0 - -1)/(2/8). Suppose o = 5 + l. Let a = 51 - 35. What is the remainder when a is divided by o?
7
Suppose -9*k + 4*k = -55. Calculate the remainder when k is divided by 4.
3
Suppose u - 2*s + 7*s + 18 = 0, 3*s + 16 = 2*u. Suppose -u*z - 17 = -49. Let j(c) = 8*c - 2. What is the remainder when j(6) is divided by z?
14
Calculate the remainder when (-66 + -2 + 2)*(-14)/21 is divided by 5.
4
Let j(m) = -m + 5. What is the remainder when 21 is divided by j(-7)?
9
Suppose -5*m - 5*r + 64 = -36, -4*r - 16 = -2*m. What is the remainder when 62 is divided by m?
14
Let c be (-4)/6 - 2/6. Let w = -2 - c. Calculate the remainder when 23 is divided by (28/(-21))/(w/6).
7
Let h(z) = 9*z + 84. Calculate the remainder when 34 is divided by h(-8).
10
Calculate the remainder when 155 is divided by 3/12 - (-465)/12.
38
Suppose 2*v = -2*j + 110, 3*j + 155 = 3*v + j. Suppose -2*n = -f - 2 - 24, 2*f = n - 10. What is the remainder when v is divided by n?
11
Let a = -15 + 28. What is the remainder when a is divided by 4?
1
Let f(d) = -2*d + 4 + 0*d - 9*d + 0*d**2 + d**2. What is the remainder when f(13) is divided by 16?
14
Let y(s) = 0 - 1 - 10*s - 2. What is the remainder when y(-2) is divided by (-2 - 1)/(1/(-3))?
8
What is the remainder when 25 is divided by (-9)/6 - 17/(-2)?
4
Suppose -3*o = -6, 3*r + 7*o - 2*o - 100 = 0. Suppose r = w + 4. What is the remainder when w is divided by 9?
8
Let g(x) = -8*x + 7. Suppose -3*r + 21 = v + 2*r, -3*r + 7 = 2*v. What is the remainder when g(v) is divided by 14?
11
Let b(f) = f**3 + f**2 - f + 2. Let p be b(0). Suppose -2*y - 4*k + 20 = 0, p*y + 5*k + 0*k - 23 = 0. What is the remainder when 15 is divided by y?
3
Let a(f) = 3*f**2 - 6*f - 7. What is the remainder when 110 is divided by a(-3)?
34
Suppose 0 = 6*j - j - 180. What is the remainder when (-8)/(-2 + j/21) is divided by 10?
8
Let h = -34 - -5. Let z = -15 - h. Let l = z + -8. Calculate the remainder when l is divided by 4.
2
Let q be (-1 - -10)/(-3) + 2. What is the remainder when (78/4)/(6/8) is divided by (8 + q)*(-8)/(-4)?
12
Let p = 0 + 7. Calculate the remainder when 20 is divided by p.
6
Let w(a) = a**2 + 9*a + 3. Let l be w(-8). Suppose -2*n - 1 = 3, y = n + 8. Let h = y - l. Calculate the remainder when h is divided by 4.
3
Let u(d) = -d**3 - 3*d**2 - 4*d + 1. Let w(o) = 4*o - 2. What is the remainder when u(-4) is divided by w(5)?
15
Suppose -b + 198 = 2*u + 3*b, 5*b = -u + 90. Calculate the remainder when u is divided by 36.
33
Let j = 4 + 4. What is the remainder when 38 is divided by j?
6
Let f(m) be the third derivative of -m**4/6 - 2*m**3/3 + m**2. Let u be f(3). Let c = u + 33. Calculate the remainder when 33 is divided by c.
16
Suppose -2*y = -2 - 4. Suppose -d - 2 - 5 = 0. Let x = d + 15. Calculate the remainder when x is divided by y.
2
Let b = 39 - -8. Let p be 132/(-2)*(0 - 1). Calculate the remainder when b is divided by (-6)/12 - p/(-4).
15
Suppose 0 = -4*q + 48 - 12. Calculate the remainder when 43 is divided by q.
7
Suppose 0 = 2*t + b + 2*b + 1, -4*t = 5*b + 1. Calculate the remainder when t is divided by -2*(-2 - -1) - 1.
0
Let a(t) = t**3 + 10*t**2 + 5*t - 12. Let q be (0 - -6)/(18/(-48)). Let k = 30 - q. Calculate the remainder when k is divided by a(-9).
22
Let o be (110 - (-2 + 1))*1. Suppose 0*h - o = -3*h. Let q(i) = 6*i - 2. What is the remainder when h is divided by q(2)?
7
Let l = 42 + -23. Let v = -5 - -20. Let a = v - 8. What is the remainder when l is divided by a?
5
Suppose -f - 1 = 5*o - 0, 2*o - 2 = 0. Let i = 17 + f. Suppose -5*d = 2*p - 39, -2*p + 32 = d - 27. Calculate the remainder when p is divided by i.
10
Suppose t + 12 = 5*t. Suppose -4*y - 85 = -3*l, -l + y = t*l - 96. Calculate the remainder when l is divided by 12.
11
Let d(v) = v**2 - 7*v + 9. Let n be d(6). Suppose n*u + 3 = 4*u. What is the remainder when u is divided by (3 - -1) + -2 + 0?
1
Let o(y) = y**3 - 4*y**2 - 10*y + 19. Calculate the remainder when o(6) is divided by 15.
1
Suppose 2 + 13 = 3*w. Suppose 5*z = w*v + 28 + 2, -v - 5 = 0. What is the remainder when z is divided by 1?
0
Let a(u) = -u**3 - 3*u**2 + 2. Let b be (12/30)/(2/(-10)). Let v be a(b). Let g = 4 - v. What is the remainder when g is divided by 4?
2
Suppose f = -2*f + 177. Suppose 5*q - f - 2 = -4*m, -5*q = 3*m - 62. Let k = 92 - 68. Calculate the remainder when k is divided by q.
11
Let s = 5 + -2. Suppose -17 = -b - s. Calculate the remainder when b is divided by 8.
6
Let w be 3896/36 - (-8)/(-36). Suppose 6*g - w = 54. Calculate the remainder when 105 is divided by g.
24
Suppose 462 = 12*g - g. Calculate the remainder when g is divided by 11.
9
Let f = 48 + -29. Calculate the remainder when f is divided by 10.
9
Let z = 